{"id":387,"date":"2025-05-24T15:04:17","date_gmt":"2025-05-24T13:04:17","guid":{"rendered":"https:\/\/clumanc-patrimoine.com\/?page_id=387"},"modified":"2025-05-24T15:18:58","modified_gmt":"2025-05-24T13:18:58","slug":"chants-polyphoniqus-samedi-14-juin-2025","status":"publish","type":"page","link":"https:\/\/clumanc-patrimoine.com\/?page_id=387","title":{"rendered":"Chants Polyphoniques"},"content":{"rendered":"\n<div class=\"wp-block-media-text alignwide is-stacked-on-mobile\"><figure class=\"wp-block-media-text__media\"><img loading=\"lazy\" decoding=\"async\" width=\"723\" height=\"1024\" src=\"https:\/\/clumanc-patrimoine.com\/wp-content\/uploads\/2025\/05\/2025-Affiche-2-Chants-polyphon-2-jet-723x1024.jpg\" alt=\"\" class=\"wp-image-391 size-full\" srcset=\"https:\/\/clumanc-patrimoine.com\/wp-content\/uploads\/2025\/05\/2025-Affiche-2-Chants-polyphon-2-jet-723x1024.jpg 723w, https:\/\/clumanc-patrimoine.com\/wp-content\/uploads\/2025\/05\/2025-Affiche-2-Chants-polyphon-2-jet-212x300.jpg 212w, https:\/\/clumanc-patrimoine.com\/wp-content\/uploads\/2025\/05\/2025-Affiche-2-Chants-polyphon-2-jet-768x1088.jpg 768w, https:\/\/clumanc-patrimoine.com\/wp-content\/uploads\/2025\/05\/2025-Affiche-2-Chants-polyphon-2-jet-1084x1536.jpg 1084w, https:\/\/clumanc-patrimoine.com\/wp-content\/uploads\/2025\/05\/2025-Affiche-2-Chants-polyphon-2-jet-1446x2048.jpg 1446w, https:\/\/clumanc-patrimoine.com\/wp-content\/uploads\/2025\/05\/2025-Affiche-2-Chants-polyphon-2-jet-scaled.jpg 1807w\" sizes=\"auto, (max-width: 723px) 100vw, 723px\" \/><\/figure><div class=\"wp-block-media-text__content\">\n<p><strong>Bel Air,<\/strong><\/p>\n\n\n\n<p>chorale de 14 femmes, existe depuis 20 ans \u00e0 Marseille.<\/p>\n\n\n\n<p>Dirig\u00e9e par Isabelle Guien, chanteuse et cheffe de ch\u0153ur, nous proposons des chants du monde, des Balkans \u00e0 l\u2019Am\u00e9rique Latine, de l\u2019Europe \u00e0 l\u2019Asie, aux m\u00e9lodies simples, fortes qui mettent en avant le plaisir de chanter, de donner et de recevoir la musique, au service du beau.<\/p>\n\n\n\n<p>Notre exigence technique n\u2019a d\u2019\u00e9gal que notre plaisir \u00e0 transmettre la joie d\u2019\u00eatre ensemble.<\/p>\n\n\n\n<p><strong>Boulegadis,<\/strong><\/p>\n\n\n\n<p>groupe vocal polyphonique bas\u00e9 \u00e0 Digne<\/p>\n\n\n\n<p>dans les Alpes de Haute Provence , va cueillir son r\u00e9pertoire d\u2019Occitanie en Italie, avec une petite escale en Corse. Au gr\u00e9 des rencontres, les chants passent de bouches en oreilles, perp\u00e9tuant le chemin de&nbsp; la tradition orale\u2026<\/p>\n\n\n\n<p>&nbsp; Venez donc nous \u00e9couter !<\/p>\n<\/div><\/div>\n\n\n\n<p><\/p>\n","protected":false},"excerpt":{"rendered":"<p>Bel Air, chorale de 14 femmes, existe depuis 20 ans \u00e0 Marseille. Dirig\u00e9e par Isabelle Guien, chanteuse et cheffe de ch\u0153ur, nous proposons des chants du monde, des Balkans \u00e0 l\u2019Am\u00e9rique Latine, de l\u2019Europe \u00e0 l\u2019Asie, aux m\u00e9lodies simples, fortes qui mettent en avant le plaisir de chanter, de donner et de recevoir la musique, [&hellip;]<\/p>\n","protected":false},"author":1,"featured_media":0,"parent":0,"menu_order":0,"comment_status":"closed","ping_status":"closed","template":"","meta":{"footnotes":""},"class_list":["post-387","page","type-page","status-publish","hentry"],"_links":{"self":[{"href":"https:\/\/clumanc-patrimoine.com\/index.php?rest_route=\/wp\/v2\/pages\/387","targetHints":{"allow":["GET"]}}],"collection":[{"href":"https:\/\/clumanc-patrimoine.com\/index.php?rest_route=\/wp\/v2\/pages"}],"about":[{"href":"https:\/\/clumanc-patrimoine.com\/index.php?rest_route=\/wp\/v2\/types\/page"}],"author":[{"embeddable":true,"href":"https:\/\/clumanc-patrimoine.com\/index.php?rest_route=\/wp\/v2\/users\/1"}],"replies":[{"embeddable":true,"href":"https:\/\/clumanc-patrimoine.com\/index.php?rest_route=%2Fwp%2Fv2%2Fcomments&post=387"}],"version-history":[{"count":5,"href":"https:\/\/clumanc-patrimoine.com\/index.php?rest_route=\/wp\/v2\/pages\/387\/revisions"}],"predecessor-version":[{"id":396,"href":"https:\/\/clumanc-patrimoine.com\/index.php?rest_route=\/wp\/v2\/pages\/387\/revisions\/396"}],"wp:attachment":[{"href":"https:\/\/clumanc-patrimoine.com\/index.php?rest_route=%2Fwp%2Fv2%2Fmedia&parent=387"}],"curies":[{"name":"wp","href":"https:\/\/api.w.org\/{rel}","templated":true}]}}