{"id":360,"date":"2025-02-25T10:20:28","date_gmt":"2025-02-25T09:20:28","guid":{"rendered":"https:\/\/clumanc-patrimoine.com\/?page_id=360"},"modified":"2025-09-14T17:20:20","modified_gmt":"2025-09-14T15:20:20","slug":"festival-asse-arcadie-2025","status":"publish","type":"page","link":"https:\/\/clumanc-patrimoine.com\/?page_id=360","title":{"rendered":"Festival Asse Arcadie 2025"},"content":{"rendered":"\n<p class=\"has-text-align-center has-large-font-size\">                       Programme<\/p>\n\n\n\n<figure class=\"wp-block-image size-full is-resized\"><img loading=\"lazy\" decoding=\"async\" width=\"877\" height=\"1240\" src=\"https:\/\/clumanc-patrimoine.com\/wp-content\/uploads\/2025\/03\/2-Affiche-PROG-ASSE-ARCADIE-2025.jpg\" alt=\"\" class=\"wp-image-373\" style=\"width:697px;height:auto\" srcset=\"https:\/\/clumanc-patrimoine.com\/wp-content\/uploads\/2025\/03\/2-Affiche-PROG-ASSE-ARCADIE-2025.jpg 877w, https:\/\/clumanc-patrimoine.com\/wp-content\/uploads\/2025\/03\/2-Affiche-PROG-ASSE-ARCADIE-2025-212x300.jpg 212w, https:\/\/clumanc-patrimoine.com\/wp-content\/uploads\/2025\/03\/2-Affiche-PROG-ASSE-ARCADIE-2025-724x1024.jpg 724w, https:\/\/clumanc-patrimoine.com\/wp-content\/uploads\/2025\/03\/2-Affiche-PROG-ASSE-ARCADIE-2025-768x1086.jpg 768w\" sizes=\"auto, (max-width: 877px) 100vw, 877px\" \/><\/figure>\n\n\n\n<p><\/p>\n\n\n\n<p class=\"has-large-font-size\"><strong>Le premier concert le 19. et 20. avril 2025<\/strong><\/p>\n\n\n\n<p><\/p>\n\n\n\n<figure class=\"wp-block-image size-large is-resized\"><img loading=\"lazy\" decoding=\"async\" width=\"724\" height=\"1024\" src=\"https:\/\/clumanc-patrimoine.com\/wp-content\/uploads\/2025\/03\/AFFICHE-ASSE-ARCADIE-AVRIL-2025-1--724x1024.jpg\" alt=\"\" class=\"wp-image-376\" style=\"width:703px;height:auto\" srcset=\"https:\/\/clumanc-patrimoine.com\/wp-content\/uploads\/2025\/03\/AFFICHE-ASSE-ARCADIE-AVRIL-2025-1--724x1024.jpg 724w, https:\/\/clumanc-patrimoine.com\/wp-content\/uploads\/2025\/03\/AFFICHE-ASSE-ARCADIE-AVRIL-2025-1--212x300.jpg 212w, https:\/\/clumanc-patrimoine.com\/wp-content\/uploads\/2025\/03\/AFFICHE-ASSE-ARCADIE-AVRIL-2025-1--768x1086.jpg 768w, https:\/\/clumanc-patrimoine.com\/wp-content\/uploads\/2025\/03\/AFFICHE-ASSE-ARCADIE-AVRIL-2025-1-.jpg 877w\" sizes=\"auto, (max-width: 724px) 100vw, 724px\" \/><\/figure>\n\n\n\n<p><\/p>\n\n\n\n<p><\/p>\n\n\n\n<p class=\"has-text-align-center has-large-font-size\"><strong>Et le deuxi\u00e8me concert le 7. et 8. juin 2025<\/strong><\/p>\n\n\n\n<div class=\"wp-block-media-text alignwide is-stacked-on-mobile\"><figure class=\"wp-block-media-text__media\"><img loading=\"lazy\" decoding=\"async\" width=\"724\" height=\"1024\" src=\"https:\/\/clumanc-patrimoine.com\/wp-content\/uploads\/2025\/05\/concert-7-et-8-JUIN-2025-Numerique-1_p1-2-724x1024.jpeg\" alt=\"\" class=\"wp-image-383 size-full\" srcset=\"https:\/\/clumanc-patrimoine.com\/wp-content\/uploads\/2025\/05\/concert-7-et-8-JUIN-2025-Numerique-1_p1-2-724x1024.jpeg 724w, https:\/\/clumanc-patrimoine.com\/wp-content\/uploads\/2025\/05\/concert-7-et-8-JUIN-2025-Numerique-1_p1-2-212x300.jpeg 212w, https:\/\/clumanc-patrimoine.com\/wp-content\/uploads\/2025\/05\/concert-7-et-8-JUIN-2025-Numerique-1_p1-2-768x1086.jpeg 768w, https:\/\/clumanc-patrimoine.com\/wp-content\/uploads\/2025\/05\/concert-7-et-8-JUIN-2025-Numerique-1_p1-2-1086x1536.jpeg 1086w, https:\/\/clumanc-patrimoine.com\/wp-content\/uploads\/2025\/05\/concert-7-et-8-JUIN-2025-Numerique-1_p1-2.jpeg 1241w\" sizes=\"auto, (max-width: 724px) 100vw, 724px\" \/><\/figure><div class=\"wp-block-media-text__content\">\n<p>N\u00e9 le 3 d\u00e9cembre 1729 \u00e0 Olot de Porrera en Catalogne, le Padre Antonio Soler est l\u2019une des personnalit\u00e9s les plus marquantes de la musique espagnole du XVIII\u00e8me si\u00e8cle. On peut consid\u00e9rer que Antonio Soler est l\u2019h\u00e9ritier de la grande tradition musicale espagnole. Tout jeune encore, il est engag\u00e9 comme ma\u00eetre de chapelle de la cath\u00e9drale de L\u00e9rida. En 1752, alors \u00e2g\u00e9 de 23 ans, il entre dans l\u2019ordre des Hi\u00e9ronymites et, la m\u00eame ann\u00e9e, est nomm\u00e9 organiste et chef de ch\u0153ur du monast\u00e8re de l\u2019Escurial o\u00f9 il demeurera en activit\u00e9 jusqu\u2019\u00e0 la fin de sa vie en 1785. Entre les ann\u00e9es 1752 et 1757, Antonio Soler suit l\u2019enseignement de Domenico Scarlatti, alors fix\u00e9 \u00e0 Madrid. Bien que l\u2019influence de celui-ci se refl\u00e8te dans le style des \u0153uvres \u00e9crites par Antonio Soler pour instruments \u00e0 clavier, il est absolument faux de ne voir en lui qu\u2019un \u00e9pigone de son ma\u00eetre napolitain. Antonio Soler, en effet, \u00e9tait tr\u00e8s li\u00e9 aux traditions musicales de son pays et l\u2019influence de Naples, alors possession espagnole, n\u2019\u00e9tait pas encore parvenue, \u00e0 cette \u00e9poque, \u00e0 <em>italianiser<\/em> la musique instrumentale ib\u00e9rique. La relative proximit\u00e9 de Madrid et le fait que l\u2019Escurial \u00e9tait pendant les mois d\u2019automne le lieu de r\u00e9sidence pr\u00e9f\u00e9r\u00e9 de la famille royale, ont permis \u00e0 Antonio Soler d\u2019enseigner le clavecin et l\u2019orgue \u00e0 l\u2019Infant Gabriel de Bourbon, fils du roi Charles III. Ces rencontres se renouvel\u00e8rent plusieurs ann\u00e9es de suite et ce furent elles qui donn\u00e8rent \u00e0 Antonio Soler l\u2019id\u00e9e d\u2019\u00e9crire les six concertos pour deux instruments \u00e0 clavier, destin\u00e9s \u00e0 divertir agr\u00e9ablement le prince.<\/p>\n\n\n\n<p>Le titre de \u00ab Concertos pour deux orgues \u00bb donn\u00e9 \u00e0 l\u2019ouvrage par Antonio Soler ne doit pas \u00eatre pris dans un sens trop litt\u00e9ral, car l\u2019\u00e9criture ici employ\u00e9e n\u2019est pas plus organistique que celle de ses sonates pour clavecin ou clavicorde. En fait, dans ses compositions pour clavier, Antonio Soler n\u2019a cultiv\u00e9 qu\u2019un seul style, le sien propre, lequel convient \u00e0 tous les instruments \u00e0 clavier de cette \u00e9poque (orgue, clavecin, clavicorde et pianoforte). Ces concertos pour orgues se jouent aussi aux clavecins et,&nbsp; combinaison combien s\u00e9duisante que nous avons retenue pour ce concert, sur orgue et clavecin.<\/p>\n\n\n\n<p><\/p>\n\n\n\n<p><\/p>\n\n\n\n<p><\/p>\n<\/div><\/div>\n\n\n\n<p class=\"has-large-font-size\"><strong>Le troisi\u00e8me concert le 5. et 6. juillet 2025<\/strong><\/p>\n\n\n\n<p><\/p>\n\n\n\n<div class=\"wp-block-media-text alignwide is-stacked-on-mobile\"><figure class=\"wp-block-media-text__media\"><img loading=\"lazy\" decoding=\"async\" width=\"724\" height=\"1024\" src=\"https:\/\/clumanc-patrimoine.com\/wp-content\/uploads\/2025\/06\/concert-5-et-6-juillet-2025vv-Numerique-1-1-724x1024.jpg\" alt=\"\" class=\"wp-image-403 size-full\" srcset=\"https:\/\/clumanc-patrimoine.com\/wp-content\/uploads\/2025\/06\/concert-5-et-6-juillet-2025vv-Numerique-1-1-724x1024.jpg 724w, https:\/\/clumanc-patrimoine.com\/wp-content\/uploads\/2025\/06\/concert-5-et-6-juillet-2025vv-Numerique-1-1-212x300.jpg 212w, https:\/\/clumanc-patrimoine.com\/wp-content\/uploads\/2025\/06\/concert-5-et-6-juillet-2025vv-Numerique-1-1-768x1086.jpg 768w, https:\/\/clumanc-patrimoine.com\/wp-content\/uploads\/2025\/06\/concert-5-et-6-juillet-2025vv-Numerique-1-1-1086x1536.jpg 1086w, https:\/\/clumanc-patrimoine.com\/wp-content\/uploads\/2025\/06\/concert-5-et-6-juillet-2025vv-Numerique-1-1-1448x2048.jpg 1448w, https:\/\/clumanc-patrimoine.com\/wp-content\/uploads\/2025\/06\/concert-5-et-6-juillet-2025vv-Numerique-1-1.jpg 1653w\" sizes=\"auto, (max-width: 724px) 100vw, 724px\" \/><\/figure><div class=\"wp-block-media-text__content\">\n<p>Le premier concert autour de l&#8217;orgue historique d&#8217;Entrevaux nous fera d\u00e9couvrir des pi\u00e8ces de musique de chambre des compositeurs Fran\u00e7ois Couperin, Christoph Willibald Gluck et Pierre-Gabriel&nbsp; Buffardin. Les instrumentistes Benjamin Gaspon (traverso) et Marie-H\u00e9l\u00e8ne Tournebise seront en tribune aupr\u00e8s de Jean-Paul Serra au clavier. Si les deux premiers compositeurs de ce programme sont bien connus du grand public, le dernier beaucoup moins. Et pourtant ce fl\u00fbtiste d&#8217;origine proven\u00e7ale a connu une carri\u00e8re europ\u00e9enne c\u00e9l\u00e8bre puisque soliste \u00e0 la cour de l&#8217;\u00e9lecteur de Saxe \u00e0 Dresde. Il eut pour \u00e9l\u00e8ves c\u00e9l\u00e8bres Johann Joachim Quantz ainsi qu&#8217;un des fr\u00e8res de Johann Sebastian Bach qu&#8217;il rencontra \u00e0 &#8230;&#8230; Constantinople.<\/p>\n\n\n\n<p>Le second concert donn\u00e9 par l&#8217;organiste et claveciniste Benjamin Alard. Son programme intitul\u00e9&nbsp;<em>Ostinato e Tenuto&nbsp;<\/em>nous fera voyager dans l&#8217;Europe des XVII\u00e8me et XVIII\u00e8me si\u00e8cles s avec les compositeurs Georg Muffat, Johan Jakob Froberger, Johann Pachelbel, Nicolas de Grigny et Johann Sebastian Bach.<\/p>\n<\/div><\/div>\n\n\n\n<p><\/p>\n\n\n\n<p><\/p>\n\n\n\n<h3 class=\"wp-block-heading has-text-align-center has-xx-large-font-size\">      <strong>La semaine du Festival<\/strong><\/h3>\n\n\n\n<p class=\"has-text-align-center has-large-font-size\" style=\"font-style:normal;font-weight:700\">              du samedi 2 ao\u00fbt jusqu&#8217;au samedi 9 ao\u00fbt<\/p>\n\n\n\n<figure class=\"wp-block-image aligncenter size-large is-resized\"><img loading=\"lazy\" decoding=\"async\" width=\"724\" height=\"1024\" src=\"https:\/\/clumanc-patrimoine.com\/wp-content\/uploads\/2025\/07\/2025.08-affiche-numerique-1-2-724x1024.jpg\" alt=\"\" class=\"wp-image-454\" style=\"width:868px;height:auto\" srcset=\"https:\/\/clumanc-patrimoine.com\/wp-content\/uploads\/2025\/07\/2025.08-affiche-numerique-1-2-724x1024.jpg 724w, https:\/\/clumanc-patrimoine.com\/wp-content\/uploads\/2025\/07\/2025.08-affiche-numerique-1-2-212x300.jpg 212w, https:\/\/clumanc-patrimoine.com\/wp-content\/uploads\/2025\/07\/2025.08-affiche-numerique-1-2-768x1086.jpg 768w, https:\/\/clumanc-patrimoine.com\/wp-content\/uploads\/2025\/07\/2025.08-affiche-numerique-1-2-1086x1536.jpg 1086w, https:\/\/clumanc-patrimoine.com\/wp-content\/uploads\/2025\/07\/2025.08-affiche-numerique-1-2-1448x2048.jpg 1448w, https:\/\/clumanc-patrimoine.com\/wp-content\/uploads\/2025\/07\/2025.08-affiche-numerique-1-2-scaled.jpg 1810w\" sizes=\"auto, (max-width: 724px) 100vw, 724px\" \/><\/figure>\n\n\n\n<p class=\"has-medium-font-size\">*************************************************************************<\/p>\n\n\n\n<p class=\"has-text-align-center\"><strong>Samedi 2 ao\u00fbt 20h, \u00e9glise St Honorat, Clumanc<\/strong><\/p>\n\n\n\n<p class=\"has-text-align-center\">           <strong><em>Les Liaisons Dangereuses<\/em><\/strong><\/p>\n\n\n\n<p>Les Liaisons dangereuses, sous-titr\u00e9&nbsp;Lettres recueillies dans une soci\u00e9t\u00e9 et publi\u00e9es pour l\u2019instruction de quelques autres, est un&nbsp;roman \u00e9pistolaire&nbsp;de 175 lettres, \u00e9crit \u00e0 partir de 1779&nbsp;par&nbsp;Pierre Choderlos de Laclos&nbsp;et publi\u00e9 en&nbsp;1782.&nbsp;Cette&nbsp;\u0153uvre litt\u00e9raire majeure du&nbsp;XVIIIe&nbsp;si\u00e8cle, qui narre le duo pervers de deux nobles manipulateurs, rou\u00e9s et&nbsp;libertins&nbsp;du&nbsp;si\u00e8cle des Lumi\u00e8res, est consid\u00e9r\u00e9e comme un&nbsp;chef-d&#8217;\u0153uvre&nbsp;de la&nbsp;litt\u00e9rature fran\u00e7aise.<\/p>\n\n\n\n<p>Quant aux sonates en quatuor de Claude-B\u00e9nigne Balbastre la datation n\u2019est pas \u00e9tablie si ce n\u2019est, que leur parution est annonc\u00e9e dans le Mercure Galant de f\u00e9vrier 1779. Compos\u00e9es pour deux violons, basse d\u2019archet, clavecin ou piano-forte, elles sont augment\u00e9es&nbsp; par deux parties pour cors ad-libitum. Avec leurs trois mouvements (vif-lent-vif), elles sont r\u00e9solument tourn\u00e9es vers ce style que nous appelons \u00ab&nbsp;classique&nbsp;\u00bb o\u00f9 sont d\u00e9j\u00e0 en gestation\u2026 les principaux \u00e9l\u00e9ments du Romantisme&nbsp;!<\/p>\n\n\n\n<p>Ce programme de ce concert \u2013 lecture propose la confrontation de deux univers \u00e0 l\u2019exacte contemporan\u00e9it\u00e9 ou l\u00e9g\u00e8ret\u00e9 et libertinage s\u2019entrecroisent\u2026&nbsp;<\/p>\n\n\n\n<p><\/p>\n\n\n\n<p>*************************************************************************<\/p>\n\n\n\n<p class=\"has-text-align-center has-medium-font-size\" style=\"margin-right:var(--wp--preset--spacing--20);margin-left:var(--wp--preset--spacing--20)\"><strong>Lundi 4 ao\u00fbt, 20h&nbsp;Eglise Saint-Honorat, Clumanc<\/strong><\/p>\n\n\n\n<p class=\"has-text-align-center\"><strong>R\u00e9cital de pianoforte<\/strong>     <strong>Freddy Eichelberger&nbsp;<\/strong><\/p>\n\n\n\n<p>Que reste-t-il dans la t\u00eate d\u2019un musicien qui a pass\u00e9 sa vie \u00e0 jouer du clavier? Quels th\u00e8mes, quelles chansons, quelles r\u00e9miniscences pr\u00e9f\u00e9r\u00e9es? Que va induire un instrument donn\u00e9 ayant une personnalit\u00e9 que le musicien va d\u00e9couvrir la veille du concert?&nbsp;<\/p>\n\n\n\n<p>Partons pour une heure de voyage dans la t\u00eate du pianiste qui va tenter de l\u00e2cher les freins pour laisser libre cours \u00e0 ses souvenirs et son imagination. Le public pourra en pr\u00e9ambule proposer des id\u00e9es, des pistes, des noms de compositeurs, des envies\u2026&nbsp;<\/p>\n\n\n\n<p>*************************************************************************<\/p>\n\n\n\n<p class=\"has-text-align-center\"><strong>Mercredi 6 ao\u00fbt, 20h<\/strong>   <strong>Eglise Notre-Dame, Clumanc<\/strong><\/p>\n\n\n\n<p class=\"has-text-align-center\"><strong>L\u2019improvisation dans l\u2019Europe baroque<\/strong><\/p>\n\n\n\n<p>Les compositeurs des 16\u00e8me et 17\u00e8me si\u00e8cles \u00e9taient avant tout des instrumentistes et des improvisateurs.<\/p>\n\n\n\n<p><strong>Les Anglais<\/strong>&nbsp;s\u2019amusaient \u00e0 improviser sur une basse (ground) r\u00e9p\u00e9t\u00e9e \u00e0 l\u2019infini ; ils appelaient cette pratique la \u00ab Division on a Ground \u00bb.<\/p>\n\n\n\n<p><strong>Les Italiens<\/strong>&nbsp;pr\u00e9f\u00e9raient improviser sur des chansons ou des madrigaux telle cette \u00ab Diminution alla Bastarda \u00ab&nbsp; d\u2019Alfonso Ferrabosco sur le madrigal Vestiva i Colli de G.Palestrina. La sonate anonyme, elle, est manifestement inspir\u00e9e des improvisations des organistes d\u2019<strong>Allemagne du Nord.<\/strong><\/p>\n\n\n\n<p><strong>Fran\u00e7ois Couperin<\/strong>&nbsp;ne jouait pas de la viole mais des claviers (clavecin et orgue). Cependant, on a recens\u00e9 chez lui apr\u00e8s sa mort de nombreux instruments dont quelques violes de gambe. Il devait appr\u00e9cier \u00e9norm\u00e9ment cet instrument puisqu\u2019il lui a d\u00e9di\u00e9 deux sonates magnifiques et particuli\u00e8rement difficiles.<\/p>\n\n\n\n<p>*************************************************************************<\/p>\n\n\n\n<p class=\"has-text-align-center\"><strong>Vendredi 8 ao\u00fbt, 20h<\/strong>    <strong>Eglise St Roch, Saint-Julien du Verdon<\/strong><\/p>\n\n\n\n<p class=\"has-text-align-center\"><strong>Parfums d\u2019Al Andalouse<\/strong> <em>Musique Arabo Andalouse<\/em><\/p>\n\n\n\n<p>Nul besoin de pr\u00e9senter la musique arabo-andalouse, musique savante du Maghreb, partie des rivages d\u2019orient, trouver son apog\u00e9e en terre d\u2019Al-Andalus, pour s\u2019installer durablement au Maghreb depuis le seizi\u00e8me si\u00e8cle. Un dialogue des civilisations qui trouve tout son sens \u00e0 notre \u00e9poque.&nbsp;A travers la nouba, suite vocale et instrumentale, Fouad Didi et Armine Benabib vous feront d\u00e9couvrir la po\u00e9sie arabe ainsi que les subtilit\u00e9s de l\u2019interpr\u00e9tation de la musique arabo-andalouse, o\u00f9 chant et instruments sont intimement li\u00e9s.<\/p>\n\n\n\n<p>*************************************************************************<\/p>\n\n\n\n<p class=\"has-text-align-center\"><strong>Samedi 9 ao\u00fbt, 20h<\/strong>   <strong>Eglise Notre-Dame, Clumanc<\/strong><\/p>\n\n\n\n<p class=\"has-text-align-center\"><strong><em>King Arthur<\/em><\/strong>   Henry Purcell (1659-1995)<\/p>\n\n\n\n<p class=\"has-text-align-center\"><strong>Concert restitution du travail des ateliers<\/strong><\/p>\n\n\n\n<p>L&#8217;histoire de cet op\u00e9ra&nbsp;est celle de l&#8217;affrontement entre&nbsp;Arthur&nbsp;le Breton, roi tr\u00e8s chr\u00e9tien, et Oswald le Saxon, roi tr\u00e8s pa\u00efen. Aid\u00e9s de leurs enchanteurs \u2013 Merlin aux c\u00f4t\u00e9s des Bons, Osmond aux c\u00f4t\u00e9s des M\u00e9chants -, ils se disputent la Bretagne et la belle Emmeline, jeune fille aveugle.<\/p>\n\n\n\n<p>Ce spectacle est la restitution du travail des ateliers th\u00e9\u00e2tre et chant choral anim\u00e9s respectivement par Rapha\u00eblle Dubois et Hubert Weller (atelier chant choral). L\u2019ensemble Baroques-Graffiti sous la direction de Jean-Paul Serra assurera la partie instrumentale. Cette confrontation, entre pratique amateur et pratique professionnelle se nourrit de technique pour le plus grand bienfait de la musique elle-m\u00eame, mais aussi du temps consacr\u00e9, de la richesse du collectif et de la beaut\u00e9 du partage.<\/p>\n\n\n\n<p>*************************************************************************<\/p>\n\n\n\n<h2 class=\"wp-block-heading has-text-align-center has-x-large-font-size\">Les derniers concerts du Festival Asse\/Arcadie 2025<\/h2>\n\n\n\n<p class=\"has-medium-font-size\"><strong>Samedi 20 septembre, 18h00 \u00c9glise ND. de Vauvert, La Palud\/ Verdon<\/strong><\/p>\n\n\n\n<p class=\"has-text-align-left has-small-font-size\"><strong>et<\/strong><\/p>\n\n\n\n<p class=\"has-medium-font-size\"><strong>Dimanche 21 septembre, 18h00 \u00c9glise Ste. Marie-Madeleine, Moriez<\/strong><\/p>\n\n\n\n<p class=\"has-small-font-size\" style=\"margin-top:0;margin-right:0;margin-bottom:0;margin-left:0\"><br><\/p>\n\n\n\n<figure class=\"wp-block-image size-large is-resized\"><img loading=\"lazy\" decoding=\"async\" width=\"724\" height=\"1024\" src=\"https:\/\/clumanc-patrimoine.com\/wp-content\/uploads\/2025\/09\/concerts-septembre-2025-A4-1-724x1024.jpg\" alt=\"\" class=\"wp-image-457\" style=\"width:735px;height:auto\" srcset=\"https:\/\/clumanc-patrimoine.com\/wp-content\/uploads\/2025\/09\/concerts-septembre-2025-A4-1-724x1024.jpg 724w, https:\/\/clumanc-patrimoine.com\/wp-content\/uploads\/2025\/09\/concerts-septembre-2025-A4-1-212x300.jpg 212w, https:\/\/clumanc-patrimoine.com\/wp-content\/uploads\/2025\/09\/concerts-septembre-2025-A4-1-768x1086.jpg 768w, https:\/\/clumanc-patrimoine.com\/wp-content\/uploads\/2025\/09\/concerts-septembre-2025-A4-1-1086x1536.jpg 1086w, https:\/\/clumanc-patrimoine.com\/wp-content\/uploads\/2025\/09\/concerts-septembre-2025-A4-1-1448x2048.jpg 1448w, https:\/\/clumanc-patrimoine.com\/wp-content\/uploads\/2025\/09\/concerts-septembre-2025-A4-1-scaled.jpg 1810w\" sizes=\"auto, (max-width: 724px) 100vw, 724px\" \/><\/figure>\n\n\n\n<p>**************************************************************************<\/p>\n\n\n\n<p>Michel Corrette (1707- 1795), est injustement m\u00e9connu. Il tient une place unique dans la musique du&nbsp;XVIII<sup>e<\/sup>&nbsp;si\u00e8cle fran\u00e7ais. Il a \u00e9t\u00e9 \u00e0 la fois le serviteur des plus grands personnages de l\u2019\u00c9tat (les prieurs du Temple au&nbsp;XVIII<sup>e<\/sup>&nbsp;si\u00e8cle sont des princes de sang) et un artiste qui s\u2019int\u00e9resse \u00e0 la chanson populaire et aux \u00e9mois de la population (par exemple, en 1783, il c\u00e9l\u00e8bre le premier vol a\u00e9rien avec la cantate&nbsp;<em>Le Globe volant<\/em>&nbsp;!). Il est \u00e0 la fois un d\u00e9fenseur du r\u00e9pertoire fran\u00e7ais (vaudevilles, airs \u00e0 la mode) et un propagateur de la musique italienne. Toujours \u00e0 l\u2019aff\u00fbt des nouveaut\u00e9s de la vie musicale parisienne, il en saisit le meilleur et il en fait son bien, avec une ga\u00eet\u00e9 inalt\u00e9rable et un humour plein d\u2019esprit. Bien que savant et m\u00eame \u00e9rudit, il compose une musique agr\u00e9able qui apparemment n\u2019a d\u2019autre pr\u00e9tention que d\u2019\u00eatre bien compos\u00e9e et de vouloir plaire \u00e0 ces amateurs de plus en plus nombreux qui veulent jouer de la musique&nbsp;: \u00e0 cette \u00e9poque l\u2019art n\u2019appartient plus seulement aux professionnels mais devient accessible aux nombreux dilettantes, issus aussi bien de la noblesse, de la bourgeoisie que de nouvelles classes moyennes. Avec Michel Corrette, nous retrouvons une musique heureuse et joyeuse, tout \u00e0 fait dans l\u2019esprit du si\u00e8cle de &nbsp;Louis XV. Michel Corrette meurt &nbsp;\u00e0 Paris \u00e0 l\u2019\u00e2ge de 87 ans.<\/p>\n\n\n\n<p>Jean-Joseph CASSANEA de MONDONVILLE (1711-1772), violoniste virtuose et compositeur, tient une place importante dans la musique fran\u00e7aise du&nbsp;XVIII<sup>e<\/sup>&nbsp;si\u00e8cle&nbsp;; plusieurs de ses innovations m\u00e9ritent d&#8217;\u00eatre signal\u00e9es. En effet, Mondonville dans les sonates des \u00ab&nbsp;Sons harmoniques&nbsp;\u00bb introduit cette technique du violon tout au long de cette \u0153uvre.&nbsp;On appelle&nbsp;sons harmoniques&nbsp;ceux que l\u2019on fait na\u00eetre en effleurant les cordes avec les doigts de la main gauche, sans les mettre en contact avec la touche. Les&nbsp;sons harmoniques&nbsp;ont presque tous un caract\u00e8re singulier de sonorit\u00e9 a\u00e9rienne et de myst\u00e9rieuse douceur.<\/p>\n","protected":false},"excerpt":{"rendered":"<p>Programme Le premier concert le 19. et 20. avril 2025 Et le deuxi\u00e8me concert le 7. et 8. juin 2025 N\u00e9 le 3 d\u00e9cembre 1729 \u00e0 Olot de Porrera en Catalogne, le Padre Antonio Soler est l\u2019une des personnalit\u00e9s les plus marquantes de la musique espagnole du XVIII\u00e8me si\u00e8cle. On peut consid\u00e9rer que Antonio Soler [&hellip;]<\/p>\n","protected":false},"author":1,"featured_media":0,"parent":0,"menu_order":0,"comment_status":"closed","ping_status":"closed","template":"","meta":{"footnotes":""},"class_list":["post-360","page","type-page","status-publish","hentry"],"_links":{"self":[{"href":"https:\/\/clumanc-patrimoine.com\/index.php?rest_route=\/wp\/v2\/pages\/360","targetHints":{"allow":["GET"]}}],"collection":[{"href":"https:\/\/clumanc-patrimoine.com\/index.php?rest_route=\/wp\/v2\/pages"}],"about":[{"href":"https:\/\/clumanc-patrimoine.com\/index.php?rest_route=\/wp\/v2\/types\/page"}],"author":[{"embeddable":true,"href":"https:\/\/clumanc-patrimoine.com\/index.php?rest_route=\/wp\/v2\/users\/1"}],"replies":[{"embeddable":true,"href":"https:\/\/clumanc-patrimoine.com\/index.php?rest_route=%2Fwp%2Fv2%2Fcomments&post=360"}],"version-history":[{"count":23,"href":"https:\/\/clumanc-patrimoine.com\/index.php?rest_route=\/wp\/v2\/pages\/360\/revisions"}],"predecessor-version":[{"id":466,"href":"https:\/\/clumanc-patrimoine.com\/index.php?rest_route=\/wp\/v2\/pages\/360\/revisions\/466"}],"wp:attachment":[{"href":"https:\/\/clumanc-patrimoine.com\/index.php?rest_route=%2Fwp%2Fv2%2Fmedia&parent=360"}],"curies":[{"name":"wp","href":"https:\/\/api.w.org\/{rel}","templated":true}]}}